= h**3 + 11*h**2 - 13*h + 4. Suppose 0 = -4*d - 3*b - 42, d - 4*d - 4*b - 28 = 0. Does 15 divide y(d)?
False
Suppose 2*i = 9 + 1. Suppose 0 = 4*p - 3*p + i*x, 17 = 4*p + 3*x. Is 2 a factor of p?
False
Let j(x) = -3*x**3 - 10*x**2 - 3*x - 6. Let k(r) = -16*r**3 - 51*r**2 - 15*r - 30. Let t(h) = 11*j(h) - 2*k(h). Does 14 divide t(-8)?
False
Let s be 1/(-2) + 30/(-4). Let u(c) be the third derivative of c**5/30 + 13*c**4/24 + 5*c**3/3 - c**2. Does 13 divide u(s)?
False
Suppose -5*g + 54 = -76. Is 19 a factor of g?
False
Let d = -277 - -499. Is 8 a factor of d/14 - (-2)/14?
True
Let i be 1220*1*(3 - 2). Let l be 8/12 - i/(-6). Suppose -5*c - 5*f - 39 + l = 0, -c - 5*f + 29 = 0. Is 17 a factor of c?
True
Let t = 77 + -34. Suppose 5*n - 11 - 9 = 0. Suppose -n*a - p = -t, 3*a + p + 2*p = 39. Is 9 a factor of a?
False
Suppose 0 = -4*b - k - 3*k + 28, 3*k - 27 = -4*b. Suppose b = -4*m + 5*m. Does 6 divide m?
True
Suppose -4*v + 2*v = 174. Let a = -24 - v. Is (180/a)/(2/7) a multiple of 5?
True
Suppose -r = 3*r - 32. Let k = r - 4. Does 9 divide ((-18)/(-4))/(1/k)?
True
Let u be (-2 - (-1 + -2))*2. Suppose -u*c - 5 = -7*c. Let n(k) = 27*k**3 - 2*k + 1. Is n(c) a multiple of 11?
False
Suppose -b - 2*b = 9, -n - b = -7. Suppose 4*h - k = 262, 3*k = -2*k - n. Is 13 a factor of h?
True
Suppose 0 = -13*s + 1003 + 1207. Does 10 divide s?
True
Let q = -31 + 66. Does 7 divide q?
True
Suppose -9*p + 360 = -36. Is 44 a factor of p?
True
Suppose -13*y + 360 = -7*y. Is 15 a factor of y?
True
Let n = -12 + 34. Does 7 divide n?
False
Let f = -16 - -33. Is f a multiple of 17?
True
Let f = 13 + -11. Suppose 0 = i - f, 5*i - 42 = -4*m. Is m a multiple of 3?
False
Let s = -175 - -248. Does 11 divide s?
False
Let u(a) = -a**3 - 3*a**2 + 5*a + 9. Let c be u(-4). Does 10 divide 0 - 1 - (-27 - c)?
False
Suppose 4*m + 6 = 6*m + t, -2*m + 6 = -3*t. Suppose 0*x - 2*x - s + 58 = 0, -m*x + 84 = 3*s. Is 15 a factor of x?
True
Let h be -2*3/4*-2. Suppose -h*y = 2*w - 231, 3*y = w - 6*w + 240. Is 25 a factor of y?
True
Does 22 divide 151 - ((-5)/5 - 1)?
False
Let h = -4 + 6. Let m(u) = -10*u + 0 + 0*u**2 - 3 + u**3 - 2 + 8*u**h. Is m(-9) a multiple of 2?
True
Let b = 34 + -8. Is b a multiple of 26?
True
Suppose 8*m = 451 - 155. Is m a multiple of 6?
False
Suppose -2*n + 19 = -3*y - 0*y, 18 = -y + 3*n. Is (3 - y - 4) + 10 a multiple of 12?
True
Suppose -4*t + 82 = 5*r + 25, 0 = -3*t + 3*r + 9. Suppose -5*k + d + t = 0, -2*k - 2*d = -4*k. Suppose -5*g + 18 = -k*g. Is g a multiple of 3?
True
Let v(c) = -c + 119. Let j be v(0). Suppose -3*p - 5 + j = 0. Is 8 a factor of p?
False
Suppose -8 = -3*i - i. Is (i - -40)*(-8)/(-12) a multiple of 14?
True
Let k = 28 - 17. Is k a multiple of 4?
False
Let q(v) = v**3 - 11*v**2 + 7*v - 3. Let h be (12 - 23)*1*-1. Is q(h) a multiple of 15?
False
Let l(d) = -d**3 + 8*d**2 - 5*d - 2. Is 24 a factor of l(5)?
True
Let k = -57 - -78. Is k a multiple of 21?
True
Suppose a - 3*a + 6 = 0. Suppose -h - 1 = 0, 42 = a*d + h - 80. Suppose 4*u - d - 39 = 0. Does 14 divide u?
False
Let i = 6 + -2. Suppose -p - 10 = -0*a - 4*a, 3*a = -i*p + 17. Is 2 a factor of a?
False
Suppose 4*m = -3*q + 9, -q - 2*m - 27 = -4*q. Let j(z) = -z**3 + 6*z**2 + 6*z + 10. Let y be j(q). Is 4 a factor of (12/(-3))/(2 - y)?
True
Is 12 a factor of (-146)/(-2) - 4/12*3?
True
Let c = 2 - 4. Is 15 a factor of c + (-3 - -6) + 44?
True
Suppose -2*m - 4 = -4*m. Suppose -n = m*n - 87. Does 14 divide n?
False
Suppose 2*s - 11 = -3*i + 2, 4*s - 5*i + 7 = 0. Suppose s*j - 70 = 2*y, -25 = -4*j + 3*j - y. Is 10 a factor of j?
True
Let g(c) = 7*c - 69. Does 24 divide g(21)?
False
Suppose 3*f + 80 = -f. Let x = f - -29. Does 7 divide x?
False
Let s = 36 - 21. Does 6 divide s?
False
Suppose 4*a - 10 = -a. Suppose 0 = a*m - 7*m + 50. Does 9 divide m?
False
Let a = -5 - -47. Suppose 0 = 3*s - 5*v - a, -3*v = -4*v. Is 13 a factor of s?
False
Let a be 1/((-28)/8 + 3). Let v be -30*(-2)/(-6)*-4. Let m = a + v. Does 16 divide m?
False
Let k(n) be the first derivative of 10*n**2 - 3*n + 4. Is k(2) a multiple of 7?
False
Suppose 0 = -4*c + 20, -2*l - 2*c + 46 = -108. Does 8 divide l?
True
Suppose 132 = -5*a + 27. Let r = -1 - a. Is r a multiple of 10?
True
Suppose 0 = 3*k - 208 + 16. Is k a multiple of 15?
False
Let n(i) = -2*i - 2. Let p be n(-3). Suppose p*d - 4 = -8. Does 7 divide 34/((-2)/1*d)?
False
Let n be 74/(-4)*(-4 - -6). Let i = 27 - n. Does 32 divide i?
True
Suppose 5*l = 42 - 7. Suppose l*q - 2*q - 215 = -3*z, -3*z + q = -191. Suppose -3*c = -5*h + 2*c + 75, -4*h + 3*c = -z. Is h a multiple of 7?
False
Suppose -y + 25 = -2*y + 5*w, 2*w = y + 10. Let z(d) be the third derivative of -d**6/120 - d**4/24 + 3*d**3/2 - d**2. Is 5 a factor of z(y)?
False
Suppose -4*j = -7*j - 3. Is 12 a factor of 1*j/((-3)/105)?
False
Let x(l) be the third derivative of -l**6/120 - 2*l**5/15 - l**4/4 - l**3/3 + 3*l**2. Is 23 a factor of x(-8)?
True
Let n be 86 - (-3)/3*-2. Suppose -4*s - y = -n, -2*s + 19 = -y - 29. Is 8 a factor of s?
False
Let r(q) = 6*q**2 - 3*q + 2. Let o(m) = m**3 - 6*m**2 - 1. Let a be o(3). Let w be 1/4 + a/(-16). Is r(w) a multiple of 11?
False
Let d(p) = 3*p**2. Let z be d(1). Does 12 divide 4/(z - 147/51)?
False
Does 6 divide -1*38/(((-8)/12)/1)?
False
Let s be -3*1/1 - -58. Let t = s + -21. Is t a multiple of 17?
True
Suppose -63 = g - a, 3*a - 2 - 13 = 0. Let y = g - -152. Is 19 a factor of y?
False
Let s = 11 - 15. Is 22 a factor of (-4 - s) + -4 - -48?
True
Let z = -10 + 14. Suppose -2*n = -3*n + 4, -z*q - 5*n = -36. Suppose j + q*j - 39 = -g, 2*g + j = 42. Is g a multiple of 8?
False
Let p = -62 + 130. Does 17 divide p?
True
Let p be -201 - (1 + (-6)/3). Let r = 8 + -13. Is (2/r)/(5/p) a multiple of 13?
False
Suppose 2*z - 388 = -4*o, 0*o - 194 = -2*o - 3*z. Let w = -69 + o. Is w a multiple of 9?
False
Let m(u) = 2*u**2 + 4*u - 4. Suppose -3*j + j = -6. Is m(j) a multiple of 18?
False
Let o = 21 + -18. Suppose -r = -o*r + 42. Is r a multiple of 5?
False
Let a = -39 + 48. Let d be ((-45)/(-4))/(2/8). Suppose -a = -3*u + d. Does 9 divide u?
True
Let o(w) = 1 + 0*w + 13*w**2 + 4*w - w. Is o(-2) a multiple of 13?
False
Suppose 0 = -4*w + w - 84. Let s be 1/(-1 - -2) + -3. Is -1 + 1 + w/s a multiple of 7?
True
Is (24/(-5))/(12/(-80)) a multiple of 16?
True
Suppose 2*b + 12 = -0*b + 4*j, -b + 5*j - 12 = 0. Let u be (-2)/b - -21 - -2. Suppose 5*i - 36 = -3*p, 0*p = 2*p + 5*i - u. Does 5 divide p?
False
Let j(f) = 10*f - 3. Let p(i) = 29*i - 9. Let x(k) = -8*j(k) + 3*p(k). Is x(2) a multiple of 11?
True
Let q = -12 + 43. Let j = q - 16. Is 15 a factor of j?
True
Let i be 1/2 - (-430)/20. Suppose 4*k = -3*x + 107, i = k + x - 6. Does 13 divide k?
False
Let p = -71 + 124. Does 16 divide p?
False
Let v be (0 - 54) + (-4)/(-2). Let z be 1/(-5) + v/(-10). Suppose 150 = 4*l - z*h, 4*h - 24 = -4*l + 108. Is l a multiple of 12?
False
Let z be -1 + 6 + -1 - 2. Suppose -4*w + 50 = -2*g, -w + 4 + 1 = -z*g. Is 7 a factor of w?
False
Let m = -24 - -72. Suppose 30 = 3*p - m. Is p a multiple of 13?
True
Let u = -4 - 1. Let y = 28 + u. Does 9 divide y?
False
Suppose -5*d - 20 = -10*d, -3*d = -4*r - 4. Let v = r - 0. Suppose -v*t - t = -108. Is 17 a factor of t?
False
Suppose -4*t - 20 = -r - 3, 2*t = 2*r - 46. Does 11 divide r?
False
Let t(u) = 48*u**2 - 1. Let d be t(1). Let y = 5 + d. Does 26 divide y?
True
Let r be 0/6*1/(-2). Suppose r = b - 2 - 4. Does 3 divide 26/b - (-2)/3?
False
Suppose 8 + 6 = 2*y. Let z = -9 + y. Does 11 divide 1/((-2)/88*z)?
True
Let i(l) = -2641*l + 133. Let u(b) = -40*b + 2. Let a(o) = -2*i(o) + 133*u(o). Let y be a(-2). Suppose -2*c + y = 2*c. Is 19 a factor of c?
True
Let v = 45 + 25. Suppose 0 = -4*u - 16, -2*c - 2*u = u + 4. Suppose -c*p + v = p. Is 7 a factor of p?
True
Let d be (-1)/1 - (-6 + -1). Suppose 2*u = d*u - 36. Is 9 a factor of u?
True
Suppose -208 - 16 = -4*l. Does 14 divide l?
True
Let r(j) = 2*j + 4*j**2 - j - 2*j**2 + 4 + 3*j. Is 5 a factor of r(-3)?
True
Suppose 0 = -3*f - 13 - 5. Let k(n) = -4*n + 3. Is k(f) a multiple of 11?
False
Suppose 4*l - 51 = 213. Is 26 a factor of l?
False
Suppose -66 + 54 = 4*v. Let d(k) = 4*k**3 - 9*k**2 + 2*k + 8. Let z(l) = -5*l**3 + 10*l**2 - 2*l - 9. Let r(u) = -6*d(u) - 5*z(u). Does 7 divide r(v)?
False
Let g = 4 - -14. Is